{"id":50,"date":"2023-12-06T22:08:52","date_gmt":"2023-12-06T22:08:52","guid":{"rendered":"https:\/\/saddlebrown-gull-593938.hostingersite.com\/?page_id=50"},"modified":"2023-12-18T17:27:53","modified_gmt":"2023-12-18T17:27:53","slug":"el-lago","status":"publish","type":"page","link":"https:\/\/elbrujonauticclub.com\/index.php\/el-lago\/","title":{"rendered":"El lago"},"content":{"rendered":"\t\t<div data-elementor-type=\"wp-page\" data-elementor-id=\"50\" class=\"elementor elementor-50\" data-elementor-post-type=\"page\">\n\t\t\t\t<div class=\"elementor-element elementor-element-2cc2feb e-flex e-con-boxed e-con e-parent\" data-id=\"2cc2feb\" data-element_type=\"container\" data-e-type=\"container\" data-settings=\"{&quot;background_background&quot;:&quot;classic&quot;}\">\n\t\t\t\t\t<div class=\"e-con-inner\">\n\t\t<div class=\"elementor-element elementor-element-46e60c0 e-con-full e-flex e-con e-child\" data-id=\"46e60c0\" data-element_type=\"container\" data-e-type=\"container\">\n\t\t\t\t<div class=\"elementor-element elementor-element-db053c6 elementor-widget elementor-widget-text-editor\" data-id=\"db053c6\" data-element_type=\"widget\" data-e-type=\"widget\" data-widget_type=\"text-editor.default\">\n\t\t\t\t<div class=\"elementor-widget-container\">\n\t\t\t\t\t\t\t\t\t<p>EL<br \/>LAGO<br \/>CALI-<br \/>MA<\/p>\t\t\t\t\t\t\t\t<\/div>\n\t\t\t\t<\/div>\n\t\t\t\t<\/div>\n\t\t<div class=\"elementor-element elementor-element-e6c90b1 e-con-full e-flex e-con e-child\" data-id=\"e6c90b1\" data-element_type=\"container\" data-e-type=\"container\">\n\t\t\t\t<div class=\"elementor-element elementor-element-d07f73d elementor-widget elementor-widget-text-editor\" data-id=\"d07f73d\" data-element_type=\"widget\" data-e-type=\"widget\" data-widget_type=\"text-editor.default\">\n\t\t\t\t<div class=\"elementor-widget-container\">\n\t\t\t\t\t\t\t\t\t<p>Ubicado en el Valle del Cauca, a 1.5 horas de Cali, El embalse Calima, construido en 1966, se erige como una obra de ingenier\u00eda que combina la belleza natural del valle del r\u00edo Calima.<\/p>\t\t\t\t\t\t\t\t<\/div>\n\t\t\t\t<\/div>\n\t\t\t\t<\/div>\n\t\t\t\t\t<\/div>\n\t\t\t\t<\/div>\n\t\t<div class=\"elementor-element elementor-element-6ea6bd0 e-flex e-con-boxed e-con e-parent\" data-id=\"6ea6bd0\" data-element_type=\"container\" data-e-type=\"container\" data-settings=\"{&quot;background_background&quot;:&quot;classic&quot;}\">\n\t\t\t\t\t<div class=\"e-con-inner\">\n\t\t<div class=\"elementor-element elementor-element-db6c07a e-con-full e-flex e-con e-child\" data-id=\"db6c07a\" data-element_type=\"container\" data-e-type=\"container\">\n\t\t\t\t<div class=\"elementor-element elementor-element-14f4714 elementor-widget elementor-widget-text-editor\" data-id=\"14f4714\" data-element_type=\"widget\" data-e-type=\"widget\" data-widget_type=\"text-editor.default\">\n\t\t\t\t<div class=\"elementor-widget-container\">\n\t\t\t\t\t\t\t\t\t<p>Es un lugar rodeado de monta\u00f1as, r\u00edos y un clima excepcional.<\/p>\t\t\t\t\t\t\t\t<\/div>\n\t\t\t\t<\/div>\n\t\t\t\t<\/div>\n\t\t<div class=\"elementor-element elementor-element-987e2ea e-con-full e-flex e-con e-child\" data-id=\"987e2ea\" data-element_type=\"container\" data-e-type=\"container\">\n\t\t\t\t<div class=\"elementor-element elementor-element-2a89514 elementor-widget elementor-widget-text-editor\" data-id=\"2a89514\" data-element_type=\"widget\" data-e-type=\"widget\" data-widget_type=\"text-editor.default\">\n\t\t\t\t<div class=\"elementor-widget-container\">\n\t\t\t\t\t\t\t\t\t<p>El lago, alimentado por los r\u00edos Calima y Bravo, destaca como un hito tur\u00edstico con 13 km de longitud y 1.5 km de ancho.<\/p><p><br><\/p><p>La zona cuenta con una rica biodiversidad, ofreciendo oportunidades para el aviturismo y deportes acu\u00e1ticos gracias a sus vientos, considerados los mejores de Am\u00e9rica y terceros a nivel mundial en lagos.<br><\/p>\t\t\t\t\t\t\t\t<\/div>\n\t\t\t\t<\/div>\n\t\t\t\t<\/div>\n\t\t<div class=\"elementor-element elementor-element-10dbdf4 e-con-full e-flex e-con e-child\" data-id=\"10dbdf4\" data-element_type=\"container\" data-e-type=\"container\">\n\t\t\t\t<div class=\"elementor-element elementor-element-7284909 elementor-widget elementor-widget-image\" data-id=\"7284909\" data-element_type=\"widget\" data-e-type=\"widget\" data-widget_type=\"image.default\">\n\t\t\t\t<div class=\"elementor-widget-container\">\n\t\t\t\t\t\t\t\t\t\t\t\t\t\t\t<img fetchpriority=\"high\" decoding=\"async\" width=\"528\" height=\"774\" src=\"https:\/\/elbrujonauticclub.com\/wp-content\/uploads\/2023\/12\/DSDSDS-e1702504141410.jpg\" class=\"attachment-large size-large wp-image-264\" alt=\"\" srcset=\"https:\/\/elbrujonauticclub.com\/wp-content\/uploads\/2023\/12\/DSDSDS-e1702504141410.jpg 528w, https:\/\/elbrujonauticclub.com\/wp-content\/uploads\/2023\/12\/DSDSDS-e1702504141410-205x300.jpg 205w\" sizes=\"(max-width: 528px) 100vw, 528px\" \/>\t\t\t\t\t\t\t\t\t\t\t\t\t\t\t<\/div>\n\t\t\t\t<\/div>\n\t\t\t\t<\/div>\n\t\t\t\t\t<\/div>\n\t\t\t\t<\/div>\n\t\t<div class=\"elementor-element elementor-element-40ab7fb e-flex e-con-boxed e-con e-parent\" data-id=\"40ab7fb\" data-element_type=\"container\" data-e-type=\"container\" data-settings=\"{&quot;background_background&quot;:&quot;classic&quot;}\">\n\t\t\t\t\t<div class=\"e-con-inner\">\n\t\t<div class=\"elementor-element elementor-element-aba4369 e-con-full e-flex e-con e-child\" data-id=\"aba4369\" data-element_type=\"container\" data-e-type=\"container\">\n\t\t\t\t<div class=\"elementor-element elementor-element-024f277 elementor-align-center elementor-widget elementor-widget-button\" data-id=\"024f277\" data-element_type=\"widget\" data-e-type=\"widget\" data-widget_type=\"button.default\">\n\t\t\t\t<div class=\"elementor-widget-container\">\n\t\t\t\t\t\t\t\t\t<div class=\"elementor-button-wrapper\">\n\t\t\t\t\t<a class=\"elementor-button elementor-button-link elementor-size-md\" href=\"#\">\n\t\t\t\t\t\t<span class=\"elementor-button-content-wrapper\">\n\t\t\t\t\t\t\t\t\t<span class=\"elementor-button-text\">Galer\u00eda<\/span>\n\t\t\t\t\t<\/span>\n\t\t\t\t\t<\/a>\n\t\t\t\t<\/div>\n\t\t\t\t\t\t\t\t<\/div>\n\t\t\t\t<\/div>\n\t\t\t\t<\/div>\n\t\t<div class=\"elementor-element elementor-element-1d75a6a e-con-full e-flex e-con e-child\" data-id=\"1d75a6a\" data-element_type=\"container\" data-e-type=\"container\">\n\t\t\t\t<div class=\"elementor-element elementor-element-2e6bcb2 elementor-widget elementor-widget-image\" data-id=\"2e6bcb2\" data-element_type=\"widget\" data-e-type=\"widget\" data-widget_type=\"image.default\">\n\t\t\t\t<div class=\"elementor-widget-container\">\n\t\t\t\t\t\t\t\t\t\t\t\t\t\t\t<img decoding=\"async\" width=\"565\" height=\"847\" src=\"https:\/\/elbrujonauticclub.com\/wp-content\/uploads\/2023\/12\/Mesa-de-trabajo-14-50.jpg\" class=\"attachment-large size-large wp-image-145\" alt=\"\" srcset=\"https:\/\/elbrujonauticclub.com\/wp-content\/uploads\/2023\/12\/Mesa-de-trabajo-14-50.jpg 565w, https:\/\/elbrujonauticclub.com\/wp-content\/uploads\/2023\/12\/Mesa-de-trabajo-14-50-200x300.jpg 200w\" sizes=\"(max-width: 565px) 100vw, 565px\" \/>\t\t\t\t\t\t\t\t\t\t\t\t\t\t\t<\/div>\n\t\t\t\t<\/div>\n\t\t\t\t<\/div>\n\t\t<div class=\"elementor-element elementor-element-f8814b4 e-con-full e-flex e-con e-child\" data-id=\"f8814b4\" data-element_type=\"container\" data-e-type=\"container\">\n\t\t\t\t<div class=\"elementor-element elementor-element-296212e elementor-widget elementor-widget-text-editor\" data-id=\"296212e\" data-element_type=\"widget\" data-e-type=\"widget\" data-widget_type=\"text-editor.default\">\n\t\t\t\t<div class=\"elementor-widget-container\">\n\t\t\t\t\t\t\t\t\t<p>El lago se nos presta para disfrutarlo<\/p>\t\t\t\t\t\t\t\t<\/div>\n\t\t\t\t<\/div>\n\t\t\t\t<div class=\"elementor-element elementor-element-adfdfae elementor-widget elementor-widget-text-editor\" data-id=\"adfdfae\" data-element_type=\"widget\" data-e-type=\"widget\" data-widget_type=\"text-editor.default\">\n\t\t\t\t<div class=\"elementor-widget-container\">\n\t\t\t\t\t\t\t\t\t<div>En tribu contamos con una infraestructura que permite disfrutar de este gran para\u00edso, podr\u00e1s disfrutar de muchas actividades y experiencias que van a hacer de tu estad\u00eda un momento inolvidable.<\/div>\t\t\t\t\t\t\t\t<\/div>\n\t\t\t\t<\/div>\n\t\t\t\t<\/div>\n\t\t\t\t\t<\/div>\n\t\t\t\t<\/div>\n\t\t<div class=\"elementor-element elementor-element-c6da861 e-flex e-con-boxed e-con e-parent\" data-id=\"c6da861\" data-element_type=\"container\" data-e-type=\"container\" data-settings=\"{&quot;background_background&quot;:&quot;classic&quot;}\">\n\t\t\t\t\t<div class=\"e-con-inner\">\n\t\t<div class=\"elementor-element elementor-element-217a965 e-con-full e-flex e-con e-child\" data-id=\"217a965\" data-element_type=\"container\" data-e-type=\"container\">\n\t\t\t\t<div class=\"elementor-element elementor-element-4f68386 elementor-widget elementor-widget-text-editor\" data-id=\"4f68386\" data-element_type=\"widget\" data-e-type=\"widget\" data-widget_type=\"text-editor.default\">\n\t\t\t\t<div class=\"elementor-widget-container\">\n\t\t\t\t\t\t\t\t\t<p>WakeBoard<\/p>\t\t\t\t\t\t\t\t<\/div>\n\t\t\t\t<\/div>\n\t\t\t\t<div class=\"elementor-element elementor-element-d079d5b elementor-widget elementor-widget-image\" data-id=\"d079d5b\" data-element_type=\"widget\" data-e-type=\"widget\" data-widget_type=\"image.default\">\n\t\t\t\t<div class=\"elementor-widget-container\">\n\t\t\t\t\t\t\t\t\t\t\t\t\t\t\t<img decoding=\"async\" width=\"401\" height=\"535\" src=\"https:\/\/elbrujonauticclub.com\/wp-content\/uploads\/2023\/12\/Mesa-de-trabajo-15-50.jpg\" class=\"attachment-large size-large wp-image-146\" alt=\"\" srcset=\"https:\/\/elbrujonauticclub.com\/wp-content\/uploads\/2023\/12\/Mesa-de-trabajo-15-50.jpg 401w, https:\/\/elbrujonauticclub.com\/wp-content\/uploads\/2023\/12\/Mesa-de-trabajo-15-50-225x300.jpg 225w\" sizes=\"(max-width: 401px) 100vw, 401px\" \/>\t\t\t\t\t\t\t\t\t\t\t\t\t\t\t<\/div>\n\t\t\t\t<\/div>\n\t\t\t\t<\/div>\n\t\t<div class=\"elementor-element elementor-element-f6a9473 e-con-full e-flex e-con e-child\" data-id=\"f6a9473\" data-element_type=\"container\" data-e-type=\"container\">\n\t\t\t\t<div class=\"elementor-element elementor-element-6640421 elementor-widget elementor-widget-text-editor\" data-id=\"6640421\" data-element_type=\"widget\" data-e-type=\"widget\" data-widget_type=\"text-editor.default\">\n\t\t\t\t<div class=\"elementor-widget-container\">\n\t\t\t\t\t\t\t\t\t<p>Paddle<\/p>\t\t\t\t\t\t\t\t<\/div>\n\t\t\t\t<\/div>\n\t\t\t\t<div class=\"elementor-element elementor-element-1df10d1 elementor-widget elementor-widget-image\" data-id=\"1df10d1\" data-element_type=\"widget\" data-e-type=\"widget\" data-widget_type=\"image.default\">\n\t\t\t\t<div class=\"elementor-widget-container\">\n\t\t\t\t\t\t\t\t\t\t\t\t\t\t\t<img loading=\"lazy\" decoding=\"async\" width=\"400\" height=\"537\" src=\"https:\/\/elbrujonauticclub.com\/wp-content\/uploads\/2023\/12\/Mesa-de-trabajo-16-50.jpg\" class=\"attachment-large size-large wp-image-147\" alt=\"\" srcset=\"https:\/\/elbrujonauticclub.com\/wp-content\/uploads\/2023\/12\/Mesa-de-trabajo-16-50.jpg 400w, https:\/\/elbrujonauticclub.com\/wp-content\/uploads\/2023\/12\/Mesa-de-trabajo-16-50-223x300.jpg 223w\" sizes=\"(max-width: 400px) 100vw, 400px\" \/>\t\t\t\t\t\t\t\t\t\t\t\t\t\t\t<\/div>\n\t\t\t\t<\/div>\n\t\t\t\t<\/div>\n\t\t<div class=\"elementor-element elementor-element-d31c199 e-con-full e-flex e-con e-child\" data-id=\"d31c199\" data-element_type=\"container\" data-e-type=\"container\">\n\t\t\t\t<div class=\"elementor-element elementor-element-a466b69 elementor-widget elementor-widget-text-editor\" data-id=\"a466b69\" data-element_type=\"widget\" data-e-type=\"widget\" data-widget_type=\"text-editor.default\">\n\t\t\t\t<div class=\"elementor-widget-container\">\n\t\t\t\t\t\t\t\t\t<p>Pont\u00f3n<\/p>\t\t\t\t\t\t\t\t<\/div>\n\t\t\t\t<\/div>\n\t\t\t\t<div class=\"elementor-element elementor-element-f4fb6d0 elementor-widget elementor-widget-image\" data-id=\"f4fb6d0\" data-element_type=\"widget\" data-e-type=\"widget\" data-widget_type=\"image.default\">\n\t\t\t\t<div class=\"elementor-widget-container\">\n\t\t\t\t\t\t\t\t\t\t\t\t\t\t\t<img loading=\"lazy\" decoding=\"async\" width=\"400\" height=\"537\" src=\"https:\/\/elbrujonauticclub.com\/wp-content\/uploads\/2023\/12\/Mesa-de-trabajo-17-50.jpg\" class=\"attachment-large size-large wp-image-148\" alt=\"\" srcset=\"https:\/\/elbrujonauticclub.com\/wp-content\/uploads\/2023\/12\/Mesa-de-trabajo-17-50.jpg 400w, https:\/\/elbrujonauticclub.com\/wp-content\/uploads\/2023\/12\/Mesa-de-trabajo-17-50-223x300.jpg 223w\" sizes=\"(max-width: 400px) 100vw, 400px\" \/>\t\t\t\t\t\t\t\t\t\t\t\t\t\t\t<\/div>\n\t\t\t\t<\/div>\n\t\t\t\t<\/div>\n\t\t\t\t\t<\/div>\n\t\t\t\t<\/div>\n\t\t<div class=\"elementor-element elementor-element-719858f e-flex e-con-boxed e-con e-parent\" data-id=\"719858f\" data-element_type=\"container\" data-e-type=\"container\" data-settings=\"{&quot;background_background&quot;:&quot;classic&quot;}\">\n\t\t\t\t\t<div class=\"e-con-inner\">\n\t\t\t\t<div class=\"elementor-element elementor-element-dd18723 elementor-align-center elementor-mobile-align-center elementor-widget elementor-widget-button\" data-id=\"dd18723\" data-element_type=\"widget\" data-e-type=\"widget\" data-widget_type=\"button.default\">\n\t\t\t\t<div class=\"elementor-widget-container\">\n\t\t\t\t\t\t\t\t\t<div class=\"elementor-button-wrapper\">\n\t\t\t\t\t<a class=\"elementor-button elementor-button-link elementor-size-xl\" href=\"#\">\n\t\t\t\t\t\t<span class=\"elementor-button-content-wrapper\">\n\t\t\t\t\t\t\t\t\t<span class=\"elementor-button-text\">RESERVA AQU\u00cd<\/span>\n\t\t\t\t\t<\/span>\n\t\t\t\t\t<\/a>\n\t\t\t\t<\/div>\n\t\t\t\t\t\t\t\t<\/div>\n\t\t\t\t<\/div>\n\t\t\t\t\t<\/div>\n\t\t\t\t<\/div>\n\t\t\t\t<\/div>\n\t\t","protected":false},"excerpt":{"rendered":"<p>ELLAGOCALI-MA Ubicado en el Valle del Cauca, a 1.5 horas de Cali, El embalse Calima, construido en 1966, se erige como una obra de ingenier\u00eda que combina la belleza natural del valle del r\u00edo Calima. Es un lugar rodeado de monta\u00f1as, r\u00edos y un clima excepcional. El lago, alimentado por los r\u00edos Calima y Bravo, [&hellip;]<\/p>\n","protected":false},"author":1,"featured_media":0,"parent":0,"menu_order":0,"comment_status":"closed","ping_status":"closed","template":"","meta":{"footnotes":""},"class_list":["post-50","page","type-page","status-publish","hentry"],"_links":{"self":[{"href":"https:\/\/elbrujonauticclub.com\/index.php\/wp-json\/wp\/v2\/pages\/50","targetHints":{"allow":["GET"]}}],"collection":[{"href":"https:\/\/elbrujonauticclub.com\/index.php\/wp-json\/wp\/v2\/pages"}],"about":[{"href":"https:\/\/elbrujonauticclub.com\/index.php\/wp-json\/wp\/v2\/types\/page"}],"author":[{"embeddable":true,"href":"https:\/\/elbrujonauticclub.com\/index.php\/wp-json\/wp\/v2\/users\/1"}],"replies":[{"embeddable":true,"href":"https:\/\/elbrujonauticclub.com\/index.php\/wp-json\/wp\/v2\/comments?post=50"}],"version-history":[{"count":43,"href":"https:\/\/elbrujonauticclub.com\/index.php\/wp-json\/wp\/v2\/pages\/50\/revisions"}],"predecessor-version":[{"id":302,"href":"https:\/\/elbrujonauticclub.com\/index.php\/wp-json\/wp\/v2\/pages\/50\/revisions\/302"}],"wp:attachment":[{"href":"https:\/\/elbrujonauticclub.com\/index.php\/wp-json\/wp\/v2\/media?parent=50"}],"curies":[{"name":"wp","href":"https:\/\/api.w.org\/{rel}","templated":true}]}}